{"id":38,"date":"2021-02-15T11:21:06","date_gmt":"2021-02-15T10:21:06","guid":{"rendered":"http:\/\/www.strickscheid.de\/?page_id=38"},"modified":"2021-02-15T11:21:10","modified_gmt":"2021-02-15T10:21:10","slug":"geschichte","status":"publish","type":"page","link":"http:\/\/www.strickscheid.de\/?page_id=38","title":{"rendered":"Geschichte"},"content":{"rendered":"\n<p>Der Ort wurde vermutlich w\u00e4hrend der sp\u00e4tmittelalterlichen Rodungsphase schon im 12. oder 13. Jahrhundert gegr\u00fcndet. Darauf verweist die Endung \u2013scheid im Namen. Eine erste urkundliche Erw\u00e4hnung stammt aus dem Jahr 1489, dort erscheint er unter dem Namen <em>Stritschit. <\/em>Die Ableitung des Namens aus dem lateinischen Wort f\u00fcr \u201ebeengt\u201c = strictus\/stricta ist nicht unbedingt einleuchtend, weil der heutige Ort auf einer offenen Hochfl\u00e4che liegt. Nur der Zugang von etwa 1000 m weiter \u00f6stlich geht durch ein enges Tal.<\/p>\n\n\n\n<p>Durch Funde wie Siedlungsschutt und Grabh\u00fcgel ist eine vorgeschichtliche und r\u00f6mische Besiedlung bekannt.<\/p>\n\n\n\n<p>Vor dem Einzug der franz\u00f6sischen Revolutionstruppen geh\u00f6rte der Ort zum Kondominium Pronsfeld. Die Anwesen unterstanden hierin verschiedenen Herrschaften. W\u00e4hrend der 20 Jahre dauernden Franzosenherrschaft geh\u00f6rte der Ort zum W\u00e4lderdepartement Luxemburg. Danach als Teil des neuen Kreises Pr\u00fcm zu Preu\u00dfen. Ab 1970 Zuordnung zur neuen Verbandsgemeinde Arzfeld im damaligen Kreis Bitburg-Pr\u00fcm.<\/p>\n\n\n\n<p>Kirchlich war der Ort bis 1788 der alten Urpfarrei Pronsfeld zugeordnet. 1808 wurde Strickscheid der Neugr\u00fcndung der selbstst\u00e4ndigen Pfarrei L\u00fcnebach zugewiesen.<\/p>\n\n\n\n<p>Die Einwohnerzahlen bewegten sich in den letzten 200 Jahren zwischen 31 und 77. Bis in die 60er Jahre des 20. Jh. bestand noch eine Bahnverbindung von Pronsfeld \u00fcber Arzfeld nach Neuerburg. Die Strecke f\u00fchrte bei Strickscheid \u00fcber ein hohes Viadukt mit f\u00fcnf B\u00f6gen. Das 1907 errichtete Bauwerk wird heute sie als Wander- und Radweg genutzt. Zur Personensicherung wurde ein Gel\u00e4nder installiert. Es bestehen noch landwirtschaftlich betriebene H\u00f6fe in Strickscheid und ein florierender neuzeitlicher Gewerbebetrieb.<\/p>\n","protected":false},"excerpt":{"rendered":"<p>Der Ort wurde vermutlich w\u00e4hrend der sp\u00e4tmittelalterlichen Rodungsphase schon im 12. oder 13. Jahrhundert gegr\u00fcndet. Darauf verweist die Endung \u2013scheid im Namen. Eine erste urkundliche Erw\u00e4hnung stammt aus dem Jahr 1489, dort erscheint er unter dem Namen Stritschit. Die Ableitung<\/p>\n","protected":false},"author":1,"featured_media":0,"parent":0,"menu_order":0,"comment_status":"closed","ping_status":"closed","template":"","meta":{"footnotes":""},"class_list":["post-38","page","type-page","status-publish","hentry"],"_links":{"self":[{"href":"http:\/\/www.strickscheid.de\/index.php?rest_route=\/wp\/v2\/pages\/38","targetHints":{"allow":["GET"]}}],"collection":[{"href":"http:\/\/www.strickscheid.de\/index.php?rest_route=\/wp\/v2\/pages"}],"about":[{"href":"http:\/\/www.strickscheid.de\/index.php?rest_route=\/wp\/v2\/types\/page"}],"author":[{"embeddable":true,"href":"http:\/\/www.strickscheid.de\/index.php?rest_route=\/wp\/v2\/users\/1"}],"replies":[{"embeddable":true,"href":"http:\/\/www.strickscheid.de\/index.php?rest_route=%2Fwp%2Fv2%2Fcomments&post=38"}],"version-history":[{"count":1,"href":"http:\/\/www.strickscheid.de\/index.php?rest_route=\/wp\/v2\/pages\/38\/revisions"}],"predecessor-version":[{"id":39,"href":"http:\/\/www.strickscheid.de\/index.php?rest_route=\/wp\/v2\/pages\/38\/revisions\/39"}],"wp:attachment":[{"href":"http:\/\/www.strickscheid.de\/index.php?rest_route=%2Fwp%2Fv2%2Fmedia&parent=38"}],"curies":[{"name":"wp","href":"https:\/\/api.w.org\/{rel}","templated":true}]}}